{"id":1119,"date":"2021-10-01T07:00:00","date_gmt":"2021-10-01T10:00:00","guid":{"rendered":"https:\/\/ifd4-nqn.infd.edu.ar\/sitio\/autoridades\/"},"modified":"2025-10-02T18:40:40","modified_gmt":"2025-10-02T21:40:40","slug":"autoridades","status":"publish","type":"page","link":"https:\/\/ifd4-nqn.infd.edu.ar\/sitio\/autoridades\/","title":{"rendered":"Cargos actuales"},"content":{"rendered":"\n<p><strong><em>Trabajadores de Apoyo Educativo<\/em><\/strong><\/p>\n\n\n\n<ul>\n<li><strong><em>Secretaria<\/em><\/strong><em>: Silvia Pavicich<\/em><\/li>\n\n\n\n<li><strong><em>Auxiliares de Secretar\u00eda<\/em><\/strong><em>: <\/em>\n<ul>\n<li><em>Turno Ma\u00f1ana: Ernesto Laza<\/em>rte<\/li>\n\n\n\n<li><em>Turno Tarde: <\/em>Elisa Balconte<\/li>\n\n\n\n<li><em>Turno Vespertino: Ivana<\/em> S<em>ep\u00falveda y Cristina Figueroa<\/em><\/li>\n<\/ul>\n<\/li>\n\n\n\n<li><strong><em>Bedel\u00eda<\/em><\/strong><em>: <\/em>\n<ul>\n<li><em>Turno Ma\u00f1ana:&nbsp;Marianela Sparviero&nbsp;<\/em><\/li>\n\n\n\n<li><em>Turno Vespertino:&nbsp;Aldana Sep\u00falveda<\/em> <\/li>\n<\/ul>\n<\/li>\n\n\n\n<li><strong><em>Preceptor\u00eda:<\/em><\/strong><em>&nbsp;<\/em>\n<ul>\n<li><em>Turno Ma\u00f1ana: Andrea Candia, Gustavo D\u00edaz, Hugo Millahual y Jos\u00e9 Luis Arias<\/em><\/li>\n\n\n\n<li><em>Turno Tarde: Nehu\u00e9n Gui\u00f1ez<\/em><\/li>\n\n\n\n<li><em>Turno Vespertino:<\/em> <em> Ana Laura Pereyra, Andrea D\u00edaz , Jos\u00e9 Luis Arias<\/em><\/li>\n<\/ul>\n<\/li>\n\n\n\n<li><strong><em>Biblioteca: <\/em><\/strong>\n<ul>\n<li><em>Turno Ma\u00f1ana:<b>&nbsp;<\/b>Yanet Sep\u00falveda<\/em><\/li>\n\n\n\n<li><em>Turno Tarde: Hugo Sep\u00falveda<\/em><\/li>\n\n\n\n<li><em>Turno Vespertin<\/em>o:<em>&nbsp;Noelia Espejo<\/em><\/li>\n<\/ul>\n<\/li>\n\n\n\n<li><strong>Facilitador de Recursos Tecnol\u00f3gicos y Apoyo Educativo:<\/strong> <em>Alejandro Duran<\/em><\/li>\n\n\n\n<li><strong>Auxiliares de servicio<\/strong>:  <em>Ram\u00f3n Alegre, Paula Arrussi, Celeste Grignola, Anal\u00eda Garrido, Gast\u00f3n Wainnman, Luis Mancilla, Florencia Pinto y Anselmo Ram\u00edrez.<\/em><\/li>\n\n\n\n<li><em><strong>Int\u00e9rpretes de Lengua de Se\u00f1as Argentina<\/strong>: In\u00e9s Iturrioz, Ayel\u00e9n Prado, Lorna Courtis, Claudia Riffo, Eluney Martino, Cynthia Falletti, Laura Alippi y Cecilia Lamerica. <\/em><\/li>\n<\/ul>\n\n\n\n<p><strong><em>Equipo directivo<\/em><\/strong><\/p>\n\n\n\n<ul>\n<li><strong><em>Directora:<\/em><\/strong> <em>Lilian Luj\u00e1n Garello<\/em><\/li>\n\n\n\n<li><strong><em>Vicedirectora:<\/em><\/strong><em> Magdalena Oliveira<\/em><\/li>\n\n\n\n<li><strong><em>Secretario Acad\u00e9mico:<\/em><\/strong><em> Pablo Alc\u00e1ntara<\/em><\/li>\n<\/ul>\n\n\n\n<p><strong><em>&nbsp;Consejo Acad\u00e9mico:<\/em><\/strong><\/p>\n\n\n\n<ul>\n<li><strong><em>Coordinador del Campo de la Formaci\u00f3n Espec\u00edfica:<\/em><\/strong> <em>Ariel Rodr\u00edguez Campos<\/em><\/li>\n\n\n\n<li><strong><em><strong><em>Coordinadora del Campo de la Formaci\u00f3n General<\/em><\/strong><\/em><\/strong><em><strong>:<\/strong> Mar\u00eda de los \u00c1ngeles Cabrera Christiansen<\/em><\/li>\n\n\n\n<li><strong>Coor<em>dinadoras del Campo de las Pr\u00e1cticas Educativas:<\/em><\/strong> <em>Fedra Naimo <\/em>y <em>Natalia Salas<\/em><\/li>\n\n\n\n<li><strong><em>Coordinadora de la Orientaci\u00f3n de Sordos e Hipoac\u00fasicos:<\/em><\/strong><\/li>\n\n\n\n<li><strong><em>Coordinadora de la Orientaci\u00f3n de Discapacidad Intelectual:<\/em><\/strong><em> Luc\u00eda Giraudo<\/em><\/li>\n\n\n\n<li><strong><em>Coordinadora de la Orientaci\u00f3n de Ciegos y Disminuidos Visuales: <\/em><\/strong><em>Nora Napione<\/em><\/li>\n\n\n\n<li><strong><em>Coordinadora de la Orientaci\u00f3n de Discapacidad Neuromotora:&nbsp;<\/em><\/strong><em>Marta S\u00e1nchez<\/em><\/li>\n\n\n\n<li><strong><em>Secretaria de Extensi\u00f3n:<\/em><\/strong><em> Jimena Rodr\u00edguez<\/em><\/li>\n\n\n\n<li><strong><em>Secretario de Investigaci\u00f3n:&nbsp;<\/em><\/strong><em>Sergio Usero<\/em><\/li>\n\n\n\n<li><strong><em>Coordinador de Carreras:<\/em><\/strong><em> Franco Rosales<\/em><\/li>\n\n\n\n<li><strong>Estudiantes: <\/strong><\/li>\n<\/ul>\n","protected":false},"excerpt":{"rendered":"<p>Trabajadores de Apoyo Educativo Equipo directivo &nbsp;Consejo Acad\u00e9mico:<\/p>\n","protected":false},"author":205,"featured_media":0,"parent":0,"menu_order":0,"comment_status":"closed","ping_status":"closed","template":"","meta":[],"acf":[],"_links":{"self":[{"href":"https:\/\/ifd4-nqn.infd.edu.ar\/sitio\/wp-json\/wp\/v2\/pages\/1119"}],"collection":[{"href":"https:\/\/ifd4-nqn.infd.edu.ar\/sitio\/wp-json\/wp\/v2\/pages"}],"about":[{"href":"https:\/\/ifd4-nqn.infd.edu.ar\/sitio\/wp-json\/wp\/v2\/types\/page"}],"author":[{"embeddable":true,"href":"https:\/\/ifd4-nqn.infd.edu.ar\/sitio\/wp-json\/wp\/v2\/users\/205"}],"replies":[{"embeddable":true,"href":"https:\/\/ifd4-nqn.infd.edu.ar\/sitio\/wp-json\/wp\/v2\/comments?post=1119"}],"version-history":[{"count":36,"href":"https:\/\/ifd4-nqn.infd.edu.ar\/sitio\/wp-json\/wp\/v2\/pages\/1119\/revisions"}],"predecessor-version":[{"id":1943,"href":"https:\/\/ifd4-nqn.infd.edu.ar\/sitio\/wp-json\/wp\/v2\/pages\/1119\/revisions\/1943"}],"wp:attachment":[{"href":"https:\/\/ifd4-nqn.infd.edu.ar\/sitio\/wp-json\/wp\/v2\/media?parent=1119"}],"curies":[{"name":"wp","href":"https:\/\/api.w.org\/{rel}","templated":true}]}}

<p><strong><em>Trabajadores de Apoyo Educativo</em></strong></p>



<ul>
<li><strong><em>Secretaria</em></strong><em>: Silvia Pavicich</em></li>



<li><strong><em>Auxiliares de Secretaría</em></strong><em>: </em>
<ul>
<li><em>Turno Mañana: Ernesto Laza</em>rte</li>



<li><em>Turno Tarde: </em>Elisa Balconte</li>



<li><em>Turno Vespertino: Ivana</em> S<em>epúlveda y Cristina Figueroa</em></li>
</ul>
</li>



<li><strong><em>Bedelía</em></strong><em>: </em>
<ul>
<li><em>Turno Mañana:&nbsp;Marianela Sparviero&nbsp;</em></li>



<li><em>Turno Vespertino:&nbsp;Aldana Sepúlveda</em> </li>
</ul>
</li>



<li><strong><em>Preceptoría:</em></strong><em>&nbsp;</em>
<ul>
<li><em>Turno Mañana: Andrea Candia, Gustavo Díaz, Hugo Millahual y José Luis Arias</em></li>



<li><em>Turno Tarde: Nehuén Guiñez</em></li>



<li><em>Turno Vespertino:</em> <em> Ana Laura Pereyra, Andrea Díaz , José Luis Arias</em></li>
</ul>
</li>



<li><strong><em>Biblioteca: </em></strong>
<ul>
<li><em>Turno Mañana:<b>&nbsp;</b>Yanet Sepúlveda</em></li>



<li><em>Turno Tarde: Hugo Sepúlveda</em></li>



<li><em>Turno Vespertin</em>o:<em>&nbsp;Noelia Espejo</em></li>
</ul>
</li>



<li><strong>Facilitador de Recursos Tecnológicos y Apoyo Educativo:</strong> <em>Alejandro Duran</em></li>



<li><strong>Auxiliares de servicio</strong>:  <em>Ramón Alegre, Paula Arrussi, Celeste Grignola, Analía Garrido, Gastón Wainnman, Luis Mancilla, Florencia Pinto y Anselmo Ramírez.</em></li>



<li><em><strong>Intérpretes de Lengua de Señas Argentina</strong>: Inés Iturrioz, Ayelén Prado, Lorna Courtis, Claudia Riffo, Eluney Martino, Cynthia Falletti, Laura Alippi y Cecilia Lamerica. </em></li>
</ul>



<p><strong><em>Equipo directivo</em></strong></p>



<ul>
<li><strong><em>Directora:</em></strong> <em>Lilian Luján Garello</em></li>



<li><strong><em>Vicedirectora:</em></strong><em> Magdalena Oliveira</em></li>



<li><strong><em>Secretario Académico:</em></strong><em> Pablo Alcántara</em></li>
</ul>



<p><strong><em>&nbsp;Consejo Académico:</em></strong></p>



<ul>
<li><strong><em>Coordinador del Campo de la Formación Específica:</em></strong> <em>Ariel Rodríguez Campos</em></li>



<li><strong><em><strong><em>Coordinadora del Campo de la Formación General</em></strong></em></strong><em><strong>:</strong> María de los Ángeles Cabrera Christiansen</em></li>



<li><strong>Coor<em>dinadoras del Campo de las Prácticas Educativas:</em></strong> <em>Fedra Naimo </em>y <em>Natalia Salas</em></li>



<li><strong><em>Coordinadora de la Orientación de Sordos e Hipoacúsicos:</em></strong></li>



<li><strong><em>Coordinadora de la Orientación de Discapacidad Intelectual:</em></strong><em> Lucía Giraudo</em></li>



<li><strong><em>Coordinadora de la Orientación de Ciegos y Disminuidos Visuales: </em></strong><em>Nora Napione</em></li>



<li><strong><em>Coordinadora de la Orientación de Discapacidad Neuromotora:&nbsp;</em></strong><em>Marta Sánchez</em></li>



<li><strong><em>Secretaria de Extensión:</em></strong><em> Jimena Rodríguez</em></li>



<li><strong><em>Secretario de Investigación:&nbsp;</em></strong><em>Sergio Usero</em></li>



<li><strong><em>Coordinador de Carreras:</em></strong><em> Franco Rosales</em></li>



<li><strong>Estudiantes: </strong></li>
</ul>

<p>Trabajadores de Apoyo Educativo Equipo directivo &nbsp;Consejo Académico:</p>
