{"id":1886,"date":"2025-07-30T08:19:53","date_gmt":"2025-07-30T11:19:53","guid":{"rendered":"https:\/\/ifd4-nqn.infd.edu.ar\/sitio\/?page_id=1886"},"modified":"2025-07-30T09:03:19","modified_gmt":"2025-07-30T12:03:19","slug":"noticias","status":"publish","type":"page","link":"https:\/\/ifd4-nqn.infd.edu.ar\/sitio\/noticias\/","title":{"rendered":"Noticias"},"content":{"rendered":"\n<figure class=\"wp-block-image size-large is-style-rounded\"><img decoding=\"async\" loading=\"lazy\" width=\"1266\" height=\"1900\" src=\"https:\/\/ifd4-nqn.infd.edu.ar\/sitio\/wp-content\/uploads\/2025\/07\/Diseno-sin-titulo-1266x1900.png\" alt=\"\" class=\"wp-image-1894\" srcset=\"https:\/\/ifd4-nqn.infd.edu.ar\/sitio\/wp-content\/uploads\/2025\/07\/Diseno-sin-titulo-1266x1900.png 1266w, https:\/\/ifd4-nqn.infd.edu.ar\/sitio\/wp-content\/uploads\/2025\/07\/Diseno-sin-titulo-667x1000.png 667w, https:\/\/ifd4-nqn.infd.edu.ar\/sitio\/wp-content\/uploads\/2025\/07\/Diseno-sin-titulo-768x1152.png 768w, https:\/\/ifd4-nqn.infd.edu.ar\/sitio\/wp-content\/uploads\/2025\/07\/Diseno-sin-titulo-1024x1536.png 1024w, https:\/\/ifd4-nqn.infd.edu.ar\/sitio\/wp-content\/uploads\/2025\/07\/Diseno-sin-titulo.png 1333w\" sizes=\"(max-width: 1266px) 100vw, 1266px\" \/><\/figure>\n\n\n\n<p>El viernes 4 de julio de 2025 se llev\u00f3 adelante la d\u00e9cima jornada del Encuentro de la Red Regional Educaci\u00f3n Superior, Discapacidad y Derechos Humanos, denominada \u201cTramar encuentros: comunidad Sorda y accesibilidad en el Nivel Superior\u201d<br>El IFD N\u00b04 de la ciudad de Neuqu\u00e9n y el Equipo transversal de Co-coordinaci\u00f3n de la Red Regional estuvieron a cargo de la organizaci\u00f3n de la jornada\/encuentro, a partir del deseo principalmente de profesores y estudiantes sordos de ser sede. Por tanto, el eje de trabajo que se abord\u00f3 fue Comunidad Sorda y Accesibilidad en el Nivel Superior desde el paradigma antropol\u00f3gico-social, para el cual las personas Sordas son reconocidas como miembros de una comunidad con caracter\u00edsticas socioculturales \u00fanicas, que se distinguen de la cultura mayoritaria oyente. Estas caracter\u00edsticas incluyen una lengua propia, una historia compartida, una espacialidad-temporalidad particulares, instituciones espec\u00edficas y una construcci\u00f3n de la corporeidad subjetivada seg\u00fan valores culturales propios.<br>La d\u00e9cima jornada se desarroll\u00f3 de forma h\u00edbrida y el encuentro se dio en el aula magna de la Universidad Nacional del Comahue (UNCo) en la ciudad de Neuqu\u00e9n, en donde referentes de Universidades e Institutos de Formaci\u00f3n Docente de la regi\u00f3n se reunieron para socializar experiencias y construir l\u00edneas de acci\u00f3n.<br>Desde sus comienzos en el a\u00f1o 2019, la Red Regional busc\u00f3 constituir un tejido territorial local que fortaleciera y complementara las experiencias institucionales, relacionadas a la Educaci\u00f3n Superior, la discapacidad y los DDHH de nuestra regi\u00f3n, con el apoyo del contexto de la Red Interuniversitaria Latinoamericana y del Caribe sobre Discapacidad y Derechos Humanos.<br>En este sentido, la Red Regional estimul\u00f3 el di\u00e1logo interinstitucional entre universidades nacionales, Institutos superiores de formaci\u00f3n docente y t\u00e9cnicos, y organizaciones sociales, buscando incidir en las distintas praxis educativas, al mismo tiempo que aportar a las transformaciones de los contextos y realidades vividas en nuestras comunidades.<\/p>\n\n\n\n<p>La jornada se organiz\u00f3 en dos bloques, el primero desarroll\u00f3 ponencias en torno a Cultura sorda en las Instituciones de Educaci\u00f3n Superior recuperando experiencias y pr\u00e1cticas de ense\u00f1anza institucionales.<br>Mesa 1: Docentes y profesionales sordes, equipos de interpretaci\u00f3n LSA-E.<br>Mesa 2: Ronda de experiencia de estudiantes sordes en nivel superior.<br>Mesa 3: Desaf\u00edos y perspectivas en la Educaci\u00f3n Superior en relaci\u00f3n a la Cultura Sorda.<br>Se presentaron referentes en la tem\u00e1tica como Alfonsina Angelino, Mar\u00eda Eugenia Almeida y Juan Druetta (UNER\/ TULSA \u2013E), tambi\u00e9n se cont\u00f3 con la presencia de Sandra Cvejanov (UNCo).<br>A su vez, estudiantes, profesores y Equipo de int\u00e9rpretes LSA-E, de IFD N\u00b04, IUPA, UNRN, UNCo y IFDC Bariloche presentaron sus experiencias.<br>Por su parte, el segundo bloque estuvo dirigido a la socializaci\u00f3n, reflexi\u00f3n y la construcci\u00f3n colectiva de propuestas y l\u00edneas de acci\u00f3n desde el conjunto de la Red Regional.<br>Finalmente se llev\u00f3 a cabo la presentaci\u00f3n \u201cMujer s\u00e1bana\u201d de Papelita Payasa -Alejandra Sponda-.<\/p>\n","protected":false},"excerpt":{"rendered":"<p>El viernes 4 de julio de 2025 se llev\u00f3 adelante la d\u00e9cima jornada del Encuentro de la Red Regional Educaci\u00f3n Superior, Discapacidad y Derechos Humanos, denominada \u201cTramar encuentros: comunidad Sorda y accesibilidad en el Nivel Superior\u201dEl IFD N\u00b04 de la ciudad de Neuqu\u00e9n y el Equipo transversal de Co-coordinaci\u00f3n de la Red Regional estuvieron a &#8230; <a title=\"Noticias\" class=\"read-more\" href=\"https:\/\/ifd4-nqn.infd.edu.ar\/sitio\/noticias\/\" aria-label=\"More on Noticias\">[+]<\/a><\/p>\n","protected":false},"author":2087,"featured_media":0,"parent":0,"menu_order":0,"comment_status":"closed","ping_status":"closed","template":"","meta":[],"acf":[],"_links":{"self":[{"href":"https:\/\/ifd4-nqn.infd.edu.ar\/sitio\/wp-json\/wp\/v2\/pages\/1886"}],"collection":[{"href":"https:\/\/ifd4-nqn.infd.edu.ar\/sitio\/wp-json\/wp\/v2\/pages"}],"about":[{"href":"https:\/\/ifd4-nqn.infd.edu.ar\/sitio\/wp-json\/wp\/v2\/types\/page"}],"author":[{"embeddable":true,"href":"https:\/\/ifd4-nqn.infd.edu.ar\/sitio\/wp-json\/wp\/v2\/users\/2087"}],"replies":[{"embeddable":true,"href":"https:\/\/ifd4-nqn.infd.edu.ar\/sitio\/wp-json\/wp\/v2\/comments?post=1886"}],"version-history":[{"count":3,"href":"https:\/\/ifd4-nqn.infd.edu.ar\/sitio\/wp-json\/wp\/v2\/pages\/1886\/revisions"}],"predecessor-version":[{"id":1895,"href":"https:\/\/ifd4-nqn.infd.edu.ar\/sitio\/wp-json\/wp\/v2\/pages\/1886\/revisions\/1895"}],"wp:attachment":[{"href":"https:\/\/ifd4-nqn.infd.edu.ar\/sitio\/wp-json\/wp\/v2\/media?parent=1886"}],"curies":[{"name":"wp","href":"https:\/\/api.w.org\/{rel}","templated":true}]}}