{"id":286,"date":"2022-11-17T19:39:00","date_gmt":"2022-11-17T22:39:00","guid":{"rendered":"https:\/\/ifd4-nqn.infd.edu.ar\/sitio\/?page_id=286"},"modified":"2026-07-27T17:40:11","modified_gmt":"2026-07-27T20:40:11","slug":"inicio","status":"publish","type":"page","link":"https:\/\/ifd4-nqn.infd.edu.ar\/sitio\/","title":{"rendered":"Inicio"},"content":{"rendered":"<p>&nbsp;<\/p>\n<p><img decoding=\"async\" loading=\"lazy\" class=\"alignnone size-medium wp-image-1992\" src=\"https:\/\/ifd4-nqn.infd.edu.ar\/sitio\/wp-content\/uploads\/2026\/07\/Flyer-inscripciones-2do-cuatrimestre-2026-1000x898.jpeg\" alt=\"Flyer informativo del Instituto de Formaci\u00f3n Docente N\u00b0 4 (IFD N\u00b0 4). En la parte superior se observa el logo de la instituci\u00f3n y una foto de la fachada del edificio, que muestra el cartel con el nombre \" width=\"1000\" height=\"898\" srcset=\"https:\/\/ifd4-nqn.infd.edu.ar\/sitio\/wp-content\/uploads\/2026\/07\/Flyer-inscripciones-2do-cuatrimestre-2026-1000x898.jpeg 1000w, https:\/\/ifd4-nqn.infd.edu.ar\/sitio\/wp-content\/uploads\/2026\/07\/Flyer-inscripciones-2do-cuatrimestre-2026-768x690.jpeg 768w, https:\/\/ifd4-nqn.infd.edu.ar\/sitio\/wp-content\/uploads\/2026\/07\/Flyer-inscripciones-2do-cuatrimestre-2026-1536x1380.jpeg 1536w, https:\/\/ifd4-nqn.infd.edu.ar\/sitio\/wp-content\/uploads\/2026\/07\/Flyer-inscripciones-2do-cuatrimestre-2026.jpeg 1600w\" sizes=\"(max-width: 1000px) 100vw, 1000px\" \/><\/p>\n<p>&nbsp;<\/p>\n<p><img decoding=\"async\" loading=\"lazy\" class=\"size-medium wp-image-1924 alignright\" src=\"https:\/\/ifd4-nqn.infd.edu.ar\/sitio\/wp-content\/uploads\/2025\/10\/WhatsApp-Image-2025-10-01-at-19.57.46-400x1000.jpeg\" alt=\"\" width=\"400\" height=\"1000\" srcset=\"https:\/\/ifd4-nqn.infd.edu.ar\/sitio\/wp-content\/uploads\/2025\/10\/WhatsApp-Image-2025-10-01-at-19.57.46-400x1000.jpeg 400w, https:\/\/ifd4-nqn.infd.edu.ar\/sitio\/wp-content\/uploads\/2025\/10\/WhatsApp-Image-2025-10-01-at-19.57.46-614x1536.jpeg 614w, https:\/\/ifd4-nqn.infd.edu.ar\/sitio\/wp-content\/uploads\/2025\/10\/WhatsApp-Image-2025-10-01-at-19.57.46.jpeg 640w\" sizes=\"(max-width: 400px) 100vw, 400px\" \/>Este Instituto Superior de Formaci\u00f3n Docente forma parte del sistema de educaci\u00f3n p\u00fablica de gesti\u00f3n estatal. La modalidad del sistema educativo que caracteriza a nuestra instituci\u00f3n es la de Educaci\u00f3n Especial. As\u00ed, las carreras que podr\u00e1s estudiar en este ISFD son las de Profesor\/a en Educaci\u00f3n Especial con alguna de las siguientes orientaciones:<\/p>\n<p><span style=\"color: #800080;\"><strong> Discapacidad Intelectual<\/strong><\/span><\/p>\n<p><strong style=\"color: #800080;\">Sordos e Hipoac\u00fasicos<\/strong><\/p>\n<p><span style=\"color: #800080;\"><strong>Ciegos y Disminuidos Visuales <\/strong><\/span><\/p>\n<p><span style=\"color: #800080;\"><strong>Discapacidad Neuromotora <\/strong><\/span><\/p>\n<p>Son carreras de GRADO y de CUATRO A\u00d1OS de duraci\u00f3n, donde la modalidad de cursado es PRESENCIAL.<\/p>\n<p>A trav\u00e9s de este sitio, nuestro Instituto podr\u00e1 comunicar novedades, acercar informaci\u00f3n, compartir experiencias y brindar apoyo y asesoramiento a estudiantes, docentes e interesados en formar parte de esta comunidad educativa.<\/p>\n<p>Si quer\u00e9s formar parte de esta comunidad educativa, pod\u00e9s acercarte para despejar dudas y obtener m\u00e1s informaci\u00f3n.<\/p>\n<p>Junto con varios cientos de Institutos, integramos la Red Virtual de Institutos Superiores de Formaci\u00f3n Docente coordinada por el INFoD (Instituto Nacional de Formaci\u00f3n Docente) dependiente del Ministerio de Educaci\u00f3n de la Naci\u00f3n Argentina.<\/p>\n<p>&nbsp;<\/p>\n<p>&nbsp;<\/p>\n","protected":false},"excerpt":{"rendered":"<p>&nbsp; &nbsp; Este Instituto Superior de Formaci\u00f3n Docente forma parte del sistema de educaci\u00f3n p\u00fablica de gesti\u00f3n estatal. La modalidad del sistema educativo que caracteriza a nuestra instituci\u00f3n es la de Educaci\u00f3n Especial. As\u00ed, las carreras que podr\u00e1s estudiar en este ISFD son las de Profesor\/a en Educaci\u00f3n Especial con alguna de las siguientes orientaciones: &#8230; <a title=\"Inicio\" class=\"read-more\" href=\"https:\/\/ifd4-nqn.infd.edu.ar\/sitio\/\" aria-label=\"More on Inicio\">[+]<\/a><\/p>\n","protected":false},"author":205,"featured_media":0,"parent":1051,"menu_order":0,"comment_status":"open","ping_status":"closed","template":"","meta":[],"acf":[],"_links":{"self":[{"href":"https:\/\/ifd4-nqn.infd.edu.ar\/sitio\/wp-json\/wp\/v2\/pages\/286"}],"collection":[{"href":"https:\/\/ifd4-nqn.infd.edu.ar\/sitio\/wp-json\/wp\/v2\/pages"}],"about":[{"href":"https:\/\/ifd4-nqn.infd.edu.ar\/sitio\/wp-json\/wp\/v2\/types\/page"}],"author":[{"embeddable":true,"href":"https:\/\/ifd4-nqn.infd.edu.ar\/sitio\/wp-json\/wp\/v2\/users\/205"}],"replies":[{"embeddable":true,"href":"https:\/\/ifd4-nqn.infd.edu.ar\/sitio\/wp-json\/wp\/v2\/comments?post=286"}],"version-history":[{"count":235,"href":"https:\/\/ifd4-nqn.infd.edu.ar\/sitio\/wp-json\/wp\/v2\/pages\/286\/revisions"}],"predecessor-version":[{"id":2008,"href":"https:\/\/ifd4-nqn.infd.edu.ar\/sitio\/wp-json\/wp\/v2\/pages\/286\/revisions\/2008"}],"up":[{"embeddable":true,"href":"https:\/\/ifd4-nqn.infd.edu.ar\/sitio\/wp-json\/wp\/v2\/pages\/1051"}],"wp:attachment":[{"href":"https:\/\/ifd4-nqn.infd.edu.ar\/sitio\/wp-json\/wp\/v2\/media?parent=286"}],"curies":[{"name":"wp","href":"https:\/\/api.w.org\/{rel}","templated":true}]}}

<p>&nbsp;</p>
<p><img decoding="async" loading="lazy" class="alignnone size-medium wp-image-1992" src="https://ifd4-nqn.infd.edu.ar/sitio/wp-content/uploads/2026/07/Flyer-inscripciones-2do-cuatrimestre-2026-1000x898.jpeg" alt="Flyer informativo del Instituto de Formación Docente N° 4 (IFD N° 4). En la parte superior se observa el logo de la institución y una foto de la fachada del edificio, que muestra el cartel con el nombre " width="1000" height="898" srcset="https://ifd4-nqn.infd.edu.ar/sitio/wp-content/uploads/2026/07/Flyer-inscripciones-2do-cuatrimestre-2026-1000x898.jpeg 1000w, https://ifd4-nqn.infd.edu.ar/sitio/wp-content/uploads/2026/07/Flyer-inscripciones-2do-cuatrimestre-2026-768x690.jpeg 768w, https://ifd4-nqn.infd.edu.ar/sitio/wp-content/uploads/2026/07/Flyer-inscripciones-2do-cuatrimestre-2026-1536x1380.jpeg 1536w, https://ifd4-nqn.infd.edu.ar/sitio/wp-content/uploads/2026/07/Flyer-inscripciones-2do-cuatrimestre-2026.jpeg 1600w" sizes="(max-width: 1000px) 100vw, 1000px" /></p>
<p>&nbsp;</p>
<p><img decoding="async" loading="lazy" class="size-medium wp-image-1924 alignright" src="https://ifd4-nqn.infd.edu.ar/sitio/wp-content/uploads/2025/10/WhatsApp-Image-2025-10-01-at-19.57.46-400x1000.jpeg" alt="" width="400" height="1000" srcset="https://ifd4-nqn.infd.edu.ar/sitio/wp-content/uploads/2025/10/WhatsApp-Image-2025-10-01-at-19.57.46-400x1000.jpeg 400w, https://ifd4-nqn.infd.edu.ar/sitio/wp-content/uploads/2025/10/WhatsApp-Image-2025-10-01-at-19.57.46-614x1536.jpeg 614w, https://ifd4-nqn.infd.edu.ar/sitio/wp-content/uploads/2025/10/WhatsApp-Image-2025-10-01-at-19.57.46.jpeg 640w" sizes="(max-width: 400px) 100vw, 400px" />Este Instituto Superior de Formación Docente forma parte del sistema de educación pública de gestión estatal. La modalidad del sistema educativo que caracteriza a nuestra institución es la de Educación Especial. Así, las carreras que podrás estudiar en este ISFD son las de Profesor/a en Educación Especial con alguna de las siguientes orientaciones:</p>
<p><span style="color: #800080;"><strong> Discapacidad Intelectual</strong></span></p>
<p><strong style="color: #800080;">Sordos e Hipoacúsicos</strong></p>
<p><span style="color: #800080;"><strong>Ciegos y Disminuidos Visuales </strong></span></p>
<p><span style="color: #800080;"><strong>Discapacidad Neuromotora </strong></span></p>
<p>Son carreras de GRADO y de CUATRO AÑOS de duración, donde la modalidad de cursado es PRESENCIAL.</p>
<p>A través de este sitio, nuestro Instituto podrá comunicar novedades, acercar información, compartir experiencias y brindar apoyo y asesoramiento a estudiantes, docentes e interesados en formar parte de esta comunidad educativa.</p>
<p>Si querés formar parte de esta comunidad educativa, podés acercarte para despejar dudas y obtener más información.</p>
<p>Junto con varios cientos de Institutos, integramos la Red Virtual de Institutos Superiores de Formación Docente coordinada por el INFoD (Instituto Nacional de Formación Docente) dependiente del Ministerio de Educación de la Nación Argentina.</p>
<p>&nbsp;</p>
<p>&nbsp;</p>

<p>&nbsp; &nbsp; Este Instituto Superior de Formación Docente forma parte del sistema de educación pública de gestión estatal. La modalidad del sistema educativo que caracteriza a nuestra institución es la de Educación Especial. Así, las carreras que podrás estudiar en este ISFD son las de Profesor/a en Educación Especial con alguna de las siguientes orientaciones: &#8230; <a title="Inicio" class="read-more" href="https://ifd4-nqn.infd.edu.ar/sitio/" aria-label="More on Inicio">[+]</a></p>
